*g**2/2 + 17*g + 1. What is the hundreds digit of p(8)?
2
Let c(s) be the first derivative of -s**4/4 - 4*s**3 - 7*s**2 - 29*s - 14. Let g be c(-11). What is the tens digit of 332/g - (0 - -2)?
8
What is the thousands digit of 7779740/84 - 115/(-2415)?
2
Suppose 5*r + 3*i = 2*r + 15, 4*r + 2*i = 16. What is the units digit of r - 14*(-5 + 44/(-2))?
1
Suppose -4*k = 5*d - 2263, 11*k + d - 1139 = 9*k. Let z = k + -132. What is the hundreds digit of z?
4
Suppose -2*q + k = -0*k + 108, -q = 2*k + 59. Let t = q + 60. Suppose -532 = -t*p - o + 66, -2*p - 2*o + 236 = 0. What is the tens digit of p?
2
Let t(k) = 89*k**2 - 2*k - 1. Let i(s) = s**3 - 5*s**2 + 4*s - 2. Let w be i(4). Let r be ((-28)/16 - w)*-4. What is the units digit of t(r)?
0
Let s(g) = -g**3 + 5*g**2 - g - 7. Let h be s(4). Suppose -2*k + 484 = 2*f, -3*f - h*k - 2 = -718. Suppose -o = -f + 36. What is the units digit of o?
1
Let x = -209 + 260. Suppose 10*u + 12997 = x*u. What is the tens digit of u?
1
Let g(x) = -x**3 + 9*x**2 - 19*x + 9. Let l be g(6). Suppose -l*t + 7 = -2. Suppose -t*s = 5*z - 89, -2*s + 18 - 76 = -4*z. What is the units digit of z?
6
Suppose f + 38*f - 504384 = -9*f. What is the units digit of f?
8
Suppose -188 = -4*f - 184, -4*f = -5*c + 50926. What is the tens digit of c?
8
Suppose 13 = 5*v + 293. What is the units digit of (0 - v) + 4/(-2)?
4
Let m be (3 + -1 - -28) + -1*4. Suppose 5*i - 4*i - 1 = u, 2*i - m = -4*u. Suppose -95 = -c - 4*l, i*c - l = 3*l + 523. What is the hundreds digit of c?
1
Suppose -16 = -6*h + 8. Let q be (-2 + -6)*(-410)/h. Suppose 11*p = 16*p - q. What is the hundreds digit of p?
1
Let p = 514 + -893. Let h = 250 - p. What is the tens digit of h?
2
Let c(g) = 6*g**2 + g - 75. Let l be -16*1/3*(-60)/40. What is the tens digit of c(l)?
1
Let k(i) = -120*i**3 - 25*i**2 - 40*i + 15. What is the hundreds digit of k(-7)?
2
Let r(f) = 6*f**2 - 189*f - 189. What is the units digit of r(59)?
6
What is the thousands digit of 56/4 - (-62444 + -158)?
2
Let z(x) = -7*x + 1. Let k be (-452)/20 + 5 + 81/(-15). What is the units digit of z(k)?
2
Let d(w) = w**3 + 4*w**2 + 35*w + 29. Suppose 4 = 11*x - 9*x - 5*q, x - 9 = -q. What is the tens digit of d(x)?
1
Suppose v - 2*u - 787 = 11905, -v + 12668 = 4*u. What is the units digit of v?
4
Let n(l) = 15*l + 127. Let j be n(-8). Let v(p) = -p - 4 - 3*p**2 + p**2 - p**3 - p + 10*p**2. What is the tens digit of v(j)?
3
Suppose 18*a + 192 - 840 = 0. Suppose 4*s = a + 4208. What is the units digit of s?
1
Let m(n) = 6*n**3 - 11*n**2 - 32*n + 261. What is the units digit of m(12)?
1
Suppose -2*l - 4*r = -284, 4*l + 4*r - 8*r - 604 = 0. Suppose l = -3*m - 62. What is the tens digit of (-21 + 18)*m/3?
7
Suppose 5*c - 29700 = 5*q, 11886 = -2*q + 2*c + 3*c. What is the thousands digit of 4*(-5)/(-50) - q/5?
1
Let w = -44 - -49. Suppose -w*r = -z - 2, z + 0 = 3*r - 2. Suppose r = n + 26 - 127. What is the hundreds digit of n?
1
Let f(g) be the first derivative of 5*g**5/6 + g**4/12 - 5*g**3/3 + 21. Let j(s) be the third derivative of f(s). What is the tens digit of j(1)?
0
Let n = -13790 + 15225. What is the tens digit of n?
3
Let f(h) = -2105*h - 3476. What is the hundreds digit of f(-10)?
5
Let o = 11210 + -10108. What is the units digit of o?
2
Suppose -148*s + 166*s - 126 = 0. What is the units digit of (-6)/(-14) - ((-1684)/s - 5)?
6
Let w = -318 - 150. Let j = 916 + w. What is the hundreds digit of j?
4
Let u = 98 - 101. Let b be u + 4 + (-3 - -6). Suppose h = -2*o + 418, 0 = -b*o - 7*h + 3*h + 840. What is the units digit of o?
8
Let g be (-8)/6 + 660/36. Let q(m) = g*m**2 + 26*m**3 - 5*m**2 - 8 - 27*m**3 - 2*m. What is the hundreds digit of q(10)?
1
Let k = 1 + -3. Let h(a) = 4*a**3 + 3*a**2 + 2*a + 4. Let m be h(k). What is the tens digit of m/120 - 146/(-12)?
1
Suppose 27*i + 448 = 35*i. Let z(f) = -i + 0*f**2 + 5*f**2 + 59 - 2*f. What is the units digit of z(-4)?
1
What is the tens digit of (7052 - 7) + 21/(5 + -8)?
3
Let i(k) = -15*k + 138. Let f be 24/(-4) + (0 - 9). What is the hundreds digit of i(f)?
3
What is the thousands digit of 2 + (8355 + 5 - 1*-8)?
8
Suppose 453*s - 450*s = q + 49937, 0 = 3*q - 3. What is the thousands digit of s?
6
Suppose -302*j = -299*j + 12, -3*p + 173666 = 4*j. What is the units digit of p?
4
Let n(s) = 2648*s + 1584. What is the thousands digit of n(3)?
9
Suppose 9 = -3*j, -2*j + 5*j + 41924 = 5*u. What is the hundreds digit of u?
3
Let f(t) = -5*t - 20. Let r be f(-6). Let a(p) = 13*p + 16 + 14*p + r. What is the hundreds digit of a(7)?
2
Let t(i) = -5*i - 51. Let s be t(-6). What is the units digit of 2 + (1414/6)/((-7)/s)?
9
Let t(p) = 90*p + 48. Let h be t(1). Suppose 144*a = h*a + 666. What is the hundreds digit of a?
1
Suppose 4*m + 2*j = 210092, -4*m + 7435 = -j - 202669. What is the units digit of m?
5
What is the tens digit of 14/63 - (-268692)/54?
7
Suppose 2*u + 2*y - 4 = 0, -7 + 1 = 2*y. Let d(s) = -u*s + s - 241 + 137 + 148. What is the units digit of d(-7)?
2
Let v(s) = -s**3 - 4*s**2 - 15. Let l be v(-5). What is the tens digit of ((-855)/38)/((-6)/l)*10?
7
Let q(i) = -2*i - 8. Let d be q(-4). Suppose -n + 5*c = -10, -4*c = -5*n - d*n - 13. What is the units digit of (-6480)/(-75) - 3/n?
7
Suppose 85 = 5*z - h, -5*h = -4*z + 23 + 45. Suppose 0 = -3*j - 7*w + 6*w - 41, -5*w = -2*j - 50. Let y = z + j. What is the units digit of y?
2
Let g(k) = 1243*k - 5974. What is the units digit of g(33)?
5
Let y(f) = -7 - 8*f**2 - 8*f**3 + 14 - 5*f + 6*f**3. Let q be y(-5). Suppose 262 = 3*z + 4*t, z + 2*t = -2*t + q. What is the tens digit of z?
9
Suppose 0 = p - 5*l - 33748, 0 = 2*p + 3*p - 4*l - 168551. What is the thousands digit of p?
3
Let t = -17598 - -17602. Suppose -606 = -w - 2*c, 0 = w - 3*c - 162 - 429. Suppose -u = 3*m - 356, 0 = m + t*m - 5*u - w. What is the hundreds digit of m?
1
Let j be (50/5)/((-2)/(-36)*-4). Let n(l) = -9*l + 451. What is the hundreds digit of n(j)?
8
Let m(n) = 10*n + 1. Let y be m(3). Suppose -7*k - 53 = y. What is the tens digit of (-2)/k + (1075/(-6))/(-5)?
3
What is the hundreds digit of 2070486/198 - (2 + -7)?
4
Let v(p) = 6*p + p - 7 - p**2 - 2*p. Let m be v(2). What is the tens digit of (0 + m)/((-2)/78)?
3
Let p(d) be the third derivative of -7*d**2 - 1/3*d**3 + 25/12*d**4 + 0 + 0*d. What is the units digit of p(3)?
8
Let i = 1515 - 999. Let o = 1331 - i. What is the tens digit of o?
1
Suppose -3*k + 5*i + 2762 = 0, 23*k - 25*k - 3*i + 1873 = 0. What is the units digit of k?
9
Suppose 25 = 4*d + 5*x - 18726, -3*x = -3*d + 14070. What is the units digit of d?
9
Suppose 0 = -0*u - 2*u + g - 461, 688 = -3*u - 2*g. Let s = 751 + u. What is the tens digit of s?
2
Let w = -4854 - -7975. What is the thousands digit of w?
3
Suppose -2*r + 8*i = -107928, -22*r + 4*i + 269884 = -17*r. What is the ten thousands digit of r?
5
Let c(r) = -8*r + 27. Let o be c(6). Let y be 21 + o - (-3 + 1). Suppose y*i - 6*i + 576 = 0. What is the units digit of i?
4
Let t = -6372 + 20831. What is the units digit of t?
9
Suppose -z + 7228 = -0*x + 2*x, x - 3603 = 5*z. Suppose x = 4*l - 1091. What is the thousands digit of l?
1
Let o be ((7821/2)/9)/(7/42). Suppose 4*p - 5*a - o = 0, -p + 2*a - 6*a = -636. What is the tens digit of p?
4
Let i(w) = -w**2. Let m(f) = -2*f**2 - 26*f + 16. Let x(c) = 3*i(c) - m(c). Let l be x(22). Suppose -5*a + 2*a + l = 0. What is the tens digit of a?
2
Suppose -2*x + 2203 = 3*v - 14754, v - x = 5664. What is the units digit of v?
7
Suppose 0 = 2*d - 5*b - 9, 5 - 12 = -3*d + b. Suppose -d*f + 4*y + 182 = 0, -5*f - 2*y = -0*y - 479. What is the units digit of f?
5
Suppose -19*a - 22*a = -91012 - 155849. What is the hundreds digit of a?
0
Suppose -2370*n + 378330 = 5*w - 2374*n, -2*w = 3*n - 151332. What is the thousands digit of w?
5
Let j = 65175 + 24203. What is the tens digit of j?
7
Let d = 13900 + -9790. What is the hundreds digit of d?
1
Let h(n) = -81*n - 1. Suppose -2*b = -9 + 11. Let c be h(b). What is the units digit of (-42)/8*c/(-6)?
0
Suppose 2*g = d + 4 - 7, -3*d - 3*g = -18. Let q = 74 + -74. Suppose d*c - 7*c + 42 = q. What is the units digit of c?
1
Suppose 15 = f + 2*f, 4*p - 2*f = -10750. What is the hundreds digit of (-12)/9 + 4/((-36)/p)?
2
What is the ten thousands digit of 5 + 26323 + -7 + 3?
2
Le